{"id":102,"date":"2024-12-22T11:10:00","date_gmt":"2024-12-22T11:10:00","guid":{"rendered":"https:\/\/www.xyrobotic.com\/?page_id=102"},"modified":"2024-12-22T11:52:06","modified_gmt":"2024-12-22T11:52:06","slug":"bluetooth-ble-baglantisi","status":"publish","type":"page","link":"https:\/\/www.xyrobotic.com\/?page_id=102","title":{"rendered":"Bluetooth BLE Ba\u011flant\u0131s\u0131"},"content":{"rendered":"\n<p>\u00d6ncelik ile telefon veya tabletinizin i\u015fletim sisteminize uygun <a href=\"https:\/\/www.xyrobotic.com\/?page_id=31\" data-type=\"page\" data-id=\"31\"><strong>RemoteXY<\/strong><\/a> mobil uygulamas\u0131n\u0131 y\u00fckleyiniz. <\/p>\n\n\n\n<p>Uygulamay\u0131 ba\u015flat\u0131n ve \u00fcst gezinme \u00e7ubu\u011fundaki\u00a0<strong>+<\/strong>\u00a0(Art\u0131) d\u00fc\u011fmesine t\u0131klay\u0131n. A\u00e7\u0131lan pencerede  Bluetooth BLE ba\u011flant\u0131s\u0131n\u0131 se\u00e7in.<\/p>\n\n\n\n<figure class=\"wp-block-gallery aligncenter has-nested-images columns-default is-cropped wp-block-gallery-1 is-layout-flex wp-block-gallery-is-layout-flex\">\n<figure class=\"wp-block-image size-full\"><img decoding=\"async\" data-id=\"111\" src=\"https:\/\/www.xyrobotic.com\/wp-content\/uploads\/2024\/12\/1-1.png\" alt=\"\" class=\"wp-image-111\"\/><\/figure>\n\n\n\n<figure class=\"wp-block-image size-full\"><img loading=\"lazy\" decoding=\"async\" width=\"357\" height=\"583\" data-id=\"107\" src=\"https:\/\/www.xyrobotic.com\/wp-content\/uploads\/2024\/12\/3-1.png\" alt=\"\" class=\"wp-image-107\" srcset=\"https:\/\/www.xyrobotic.com\/wp-content\/uploads\/2024\/12\/3-1.png 357w, https:\/\/www.xyrobotic.com\/wp-content\/uploads\/2024\/12\/3-1-184x300.png 184w\" sizes=\"auto, (max-width: 357px) 100vw, 357px\" \/><\/figure>\n\n\n\n<figure class=\"wp-block-image size-full\"><img loading=\"lazy\" decoding=\"async\" width=\"1016\" height=\"2048\" data-id=\"108\" src=\"https:\/\/www.xyrobotic.com\/wp-content\/uploads\/2024\/12\/WhatsApp-Gorsel-2024-12-16-saat-17.40.08_12328668-1.png\" alt=\"\" class=\"wp-image-108\" srcset=\"https:\/\/www.xyrobotic.com\/wp-content\/uploads\/2024\/12\/WhatsApp-Gorsel-2024-12-16-saat-17.40.08_12328668-1.png 1016w, https:\/\/www.xyrobotic.com\/wp-content\/uploads\/2024\/12\/WhatsApp-Gorsel-2024-12-16-saat-17.40.08_12328668-1-149x300.png 149w, https:\/\/www.xyrobotic.com\/wp-content\/uploads\/2024\/12\/WhatsApp-Gorsel-2024-12-16-saat-17.40.08_12328668-1-508x1024.png 508w, https:\/\/www.xyrobotic.com\/wp-content\/uploads\/2024\/12\/WhatsApp-Gorsel-2024-12-16-saat-17.40.08_12328668-1-768x1548.png 768w, https:\/\/www.xyrobotic.com\/wp-content\/uploads\/2024\/12\/WhatsApp-Gorsel-2024-12-16-saat-17.40.08_12328668-1-762x1536.png 762w\" sizes=\"auto, (max-width: 767px) 89vw, (max-width: 1000px) 54vw, (max-width: 1071px) 543px, 580px\" \/><\/figure>\n<\/figure>\n\n\n\n<p>Telefonunuzda Bluetooth devre d\u0131\u015f\u0131ysa a\u00e7\u0131n. Kullan\u0131labilir cihazlar\u0131n listesini aramaya ba\u015flamak i\u00e7in \u00fcst gezinme \u00e7ubu\u011fundaki yenileme d\u00fc\u011fmesine t\u0131klay\u0131n. XY*******(\u00dcr\u00fcn\u00fcn\u00fcz\u00fcn seri numaras\u0131d\u0131r) ad\u0131yla listede g\u00f6r\u00fcnmelidir. T\u0131klay\u0131n ve size \u015fifre soracakt\u0131r, ******** (\u015eifre \u00fcr\u00fcn\u00fcn\u00fcz\u00fcn \u00fczeride yaz\u0131l\u0131d\u0131r) \u015fifre girildikten sonra &#8220;Save password&#8221; kutucu\u011funu se\u00e7in ki daha sonraki giri\u015flerinizde tekrar \u015fifre sormas\u0131n.<\/p>\n\n\n\n<figure class=\"wp-block-gallery aligncenter has-nested-images columns-default is-cropped wp-block-gallery-2 is-layout-flex wp-block-gallery-is-layout-flex\">\n<figure class=\"wp-block-image size-large\"><img loading=\"lazy\" decoding=\"async\" width=\"510\" height=\"1024\" data-id=\"109\" src=\"https:\/\/www.xyrobotic.com\/wp-content\/uploads\/2024\/12\/WhatsApp-Gorsel-2024-12-16-saat-17.40.09_f326e21b-3-510x1024.png\" alt=\"\" class=\"wp-image-109\" srcset=\"https:\/\/www.xyrobotic.com\/wp-content\/uploads\/2024\/12\/WhatsApp-Gorsel-2024-12-16-saat-17.40.09_f326e21b-3-510x1024.png 510w, https:\/\/www.xyrobotic.com\/wp-content\/uploads\/2024\/12\/WhatsApp-Gorsel-2024-12-16-saat-17.40.09_f326e21b-3-149x300.png 149w, https:\/\/www.xyrobotic.com\/wp-content\/uploads\/2024\/12\/WhatsApp-Gorsel-2024-12-16-saat-17.40.09_f326e21b-3-768x1544.png 768w, https:\/\/www.xyrobotic.com\/wp-content\/uploads\/2024\/12\/WhatsApp-Gorsel-2024-12-16-saat-17.40.09_f326e21b-3-764x1536.png 764w, https:\/\/www.xyrobotic.com\/wp-content\/uploads\/2024\/12\/WhatsApp-Gorsel-2024-12-16-saat-17.40.09_f326e21b-3.png 1019w\" sizes=\"auto, (max-width: 510px) 100vw, 510px\" \/><\/figure>\n\n\n\n<figure class=\"wp-block-image size-large\"><img loading=\"lazy\" decoding=\"async\" width=\"357\" height=\"580\" data-id=\"112\" src=\"https:\/\/www.xyrobotic.com\/wp-content\/uploads\/2024\/12\/6.jpg\" alt=\"\" class=\"wp-image-112\" srcset=\"https:\/\/www.xyrobotic.com\/wp-content\/uploads\/2024\/12\/6.jpg 357w, https:\/\/www.xyrobotic.com\/wp-content\/uploads\/2024\/12\/6-185x300.jpg 185w\" sizes=\"auto, (max-width: 357px) 100vw, 357px\" \/><\/figure>\n\n\n\n<figure class=\"wp-block-image size-large\"><img loading=\"lazy\" decoding=\"async\" width=\"358\" height=\"587\" data-id=\"110\" src=\"https:\/\/www.xyrobotic.com\/wp-content\/uploads\/2024\/12\/7.jpg\" alt=\"\" class=\"wp-image-110\" srcset=\"https:\/\/www.xyrobotic.com\/wp-content\/uploads\/2024\/12\/7.jpg 358w, https:\/\/www.xyrobotic.com\/wp-content\/uploads\/2024\/12\/7-183x300.jpg 183w\" sizes=\"auto, (max-width: 358px) 100vw, 358px\" \/><\/figure>\n<\/figure>\n\n\n\n<p>Her \u015feyi do\u011fru yapt\u0131ysan\u0131z, \u00fcr\u00fcn\u00fcze \u00f6zg\u00fc tasarlanm\u0131\u015f grafiksel bir aray\u00fcz sizi kar\u015f\u0131layacakt\u0131r ve uygulama i\u00e7erisine kolay ula\u015f\u0131m k\u0131sa yol tu\u015fu ekleyecektir. K\u0131sa yol tu\u015funu kendinize g\u00f6re ki\u015file\u015ftrebilirsiniz. Renk, \u015fekil ve isim gibi&#8230; Bunun i\u00e7in \u00fczerine bas\u0131l\u0131 tutman\u0131z yeterli olacakt\u0131r. <\/p>\n\n\n\n<h4 class=\"wp-block-heading\">Uygulama ile \u00fcr\u00fcn ba\u011flant\u0131s\u0131n\u0131n kolay yolu QR kodu (Yeni)<\/h4>\n\n\n\n<p>Uygulamadan h\u0131zl\u0131 bir \u015fekilde ba\u011flanmak i\u00e7in bu QR kodunu kullan\u0131n. Manuel ayarlar\u0131 kullanarak QR kodu olmadan da ba\u011flanabilirsiniz.<\/p>\n\n\n\n<figure class=\"wp-block-gallery has-nested-images columns-default is-cropped wp-block-gallery-3 is-layout-flex wp-block-gallery-is-layout-flex\">\n<figure class=\"wp-block-image size-large\"><img loading=\"lazy\" decoding=\"async\" width=\"502\" height=\"1024\" data-id=\"115\" src=\"https:\/\/www.xyrobotic.com\/wp-content\/uploads\/2024\/12\/WhatsApp-Gorsel-2024-12-16-saat-18.18.13_cf18b5eb-1-502x1024.png\" alt=\"\" class=\"wp-image-115\" srcset=\"https:\/\/www.xyrobotic.com\/wp-content\/uploads\/2024\/12\/WhatsApp-Gorsel-2024-12-16-saat-18.18.13_cf18b5eb-1-502x1024.png 502w, https:\/\/www.xyrobotic.com\/wp-content\/uploads\/2024\/12\/WhatsApp-Gorsel-2024-12-16-saat-18.18.13_cf18b5eb-1-147x300.png 147w, https:\/\/www.xyrobotic.com\/wp-content\/uploads\/2024\/12\/WhatsApp-Gorsel-2024-12-16-saat-18.18.13_cf18b5eb-1-768x1565.png 768w, https:\/\/www.xyrobotic.com\/wp-content\/uploads\/2024\/12\/WhatsApp-Gorsel-2024-12-16-saat-18.18.13_cf18b5eb-1-754x1536.png 754w, https:\/\/www.xyrobotic.com\/wp-content\/uploads\/2024\/12\/WhatsApp-Gorsel-2024-12-16-saat-18.18.13_cf18b5eb-1.png 785w\" sizes=\"auto, (max-width: 502px) 100vw, 502px\" \/><\/figure>\n\n\n\n<figure class=\"wp-block-image size-large\"><img loading=\"lazy\" decoding=\"async\" width=\"502\" height=\"1024\" data-id=\"116\" src=\"https:\/\/www.xyrobotic.com\/wp-content\/uploads\/2024\/12\/WhatsApp-Gorsel-2024-12-16-saat-18.18.13_621fdb5d-502x1024.jpg\" alt=\"\" class=\"wp-image-116\" srcset=\"https:\/\/www.xyrobotic.com\/wp-content\/uploads\/2024\/12\/WhatsApp-Gorsel-2024-12-16-saat-18.18.13_621fdb5d-502x1024.jpg 502w, https:\/\/www.xyrobotic.com\/wp-content\/uploads\/2024\/12\/WhatsApp-Gorsel-2024-12-16-saat-18.18.13_621fdb5d-147x300.jpg 147w, https:\/\/www.xyrobotic.com\/wp-content\/uploads\/2024\/12\/WhatsApp-Gorsel-2024-12-16-saat-18.18.13_621fdb5d-768x1567.jpg 768w, https:\/\/www.xyrobotic.com\/wp-content\/uploads\/2024\/12\/WhatsApp-Gorsel-2024-12-16-saat-18.18.13_621fdb5d-753x1536.jpg 753w, https:\/\/www.xyrobotic.com\/wp-content\/uploads\/2024\/12\/WhatsApp-Gorsel-2024-12-16-saat-18.18.13_621fdb5d.jpg 784w\" sizes=\"auto, (max-width: 502px) 100vw, 502px\" \/><\/figure>\n\n\n\n<figure class=\"wp-block-image size-large\"><img loading=\"lazy\" decoding=\"async\" width=\"502\" height=\"1024\" data-id=\"117\" src=\"https:\/\/www.xyrobotic.com\/wp-content\/uploads\/2024\/12\/WhatsApp-Gorsel-2024-12-16-saat-18.18.13_621fdb5d-1-502x1024.png\" alt=\"\" class=\"wp-image-117\" srcset=\"https:\/\/www.xyrobotic.com\/wp-content\/uploads\/2024\/12\/WhatsApp-Gorsel-2024-12-16-saat-18.18.13_621fdb5d-1-502x1024.png 502w, https:\/\/www.xyrobotic.com\/wp-content\/uploads\/2024\/12\/WhatsApp-Gorsel-2024-12-16-saat-18.18.13_621fdb5d-1-147x300.png 147w, https:\/\/www.xyrobotic.com\/wp-content\/uploads\/2024\/12\/WhatsApp-Gorsel-2024-12-16-saat-18.18.13_621fdb5d-1-768x1567.png 768w, https:\/\/www.xyrobotic.com\/wp-content\/uploads\/2024\/12\/WhatsApp-Gorsel-2024-12-16-saat-18.18.13_621fdb5d-1-753x1536.png 753w, https:\/\/www.xyrobotic.com\/wp-content\/uploads\/2024\/12\/WhatsApp-Gorsel-2024-12-16-saat-18.18.13_621fdb5d-1.png 784w\" sizes=\"auto, (max-width: 502px) 100vw, 502px\" \/><\/figure>\n<\/figure>\n","protected":false},"excerpt":{"rendered":"<p>\u00d6ncelik ile telefon veya tabletinizin i\u015fletim sisteminize uygun RemoteXY mobil uygulamas\u0131n\u0131 y\u00fckleyiniz. Uygulamay\u0131 ba\u015flat\u0131n ve \u00fcst gezinme \u00e7ubu\u011fundaki\u00a0+\u00a0(Art\u0131) d\u00fc\u011fmesine t\u0131klay\u0131n. A\u00e7\u0131lan pencerede Bluetooth BLE ba\u011flant\u0131s\u0131n\u0131 se\u00e7in. Telefonunuzda Bluetooth devre d\u0131\u015f\u0131ysa a\u00e7\u0131n. Kullan\u0131labilir cihazlar\u0131n listesini aramaya ba\u015flamak i\u00e7in \u00fcst gezinme \u00e7ubu\u011fundaki yenileme d\u00fc\u011fmesine t\u0131klay\u0131n. XY*******(\u00dcr\u00fcn\u00fcn\u00fcz\u00fcn seri numaras\u0131d\u0131r) ad\u0131yla listede g\u00f6r\u00fcnmelidir. T\u0131klay\u0131n ve size \u015fifre soracakt\u0131r, ******** &hellip; <\/p>\n<p class=\"link-more\"><a href=\"https:\/\/www.xyrobotic.com\/?page_id=102\" class=\"more-link\">Okumaya devam et<span class=\"screen-reader-text\"> &#8220;Bluetooth BLE Ba\u011flant\u0131s\u0131&#8221;<\/span><\/a><\/p>\n","protected":false},"author":1,"featured_media":0,"parent":0,"menu_order":0,"comment_status":"closed","ping_status":"closed","template":"","meta":{"_joinchat":[],"footnotes":""},"class_list":["post-102","page","type-page","status-publish","hentry"],"_links":{"self":[{"href":"https:\/\/www.xyrobotic.com\/index.php?rest_route=\/wp\/v2\/pages\/102","targetHints":{"allow":["GET"]}}],"collection":[{"href":"https:\/\/www.xyrobotic.com\/index.php?rest_route=\/wp\/v2\/pages"}],"about":[{"href":"https:\/\/www.xyrobotic.com\/index.php?rest_route=\/wp\/v2\/types\/page"}],"author":[{"embeddable":true,"href":"https:\/\/www.xyrobotic.com\/index.php?rest_route=\/wp\/v2\/users\/1"}],"replies":[{"embeddable":true,"href":"https:\/\/www.xyrobotic.com\/index.php?rest_route=%2Fwp%2Fv2%2Fcomments&post=102"}],"version-history":[{"count":5,"href":"https:\/\/www.xyrobotic.com\/index.php?rest_route=\/wp\/v2\/pages\/102\/revisions"}],"predecessor-version":[{"id":153,"href":"https:\/\/www.xyrobotic.com\/index.php?rest_route=\/wp\/v2\/pages\/102\/revisions\/153"}],"wp:attachment":[{"href":"https:\/\/www.xyrobotic.com\/index.php?rest_route=%2Fwp%2Fv2%2Fmedia&parent=102"}],"curies":[{"name":"wp","href":"https:\/\/api.w.org\/{rel}","templated":true}]}}